the remainder when 213265 is divided by 1284?
121
Calculate the remainder when 3481354 is divided by 139253.
29
Calculate the remainder when 936207764 is divided by 45.
44
Calculate the remainder when 1610915 is divided by 322157.
130
What is the remainder when 28888592 is divided by 108?
104
What is the remainder when 295639170 is divided by 25?
20
What is the remainder when 62354221 is divided by 8907741?
34
What is the remainder when 18407338 is divided by 4618?
4608
Calculate the remainder when 11171870 is divided by 10650.
20
Calculate the remainder when 2750120 is divided by 1375052.
16
Calculate the remainder when 8450918 is divided by 328.
326
What is the remainder when 23329952 is divided by 814?
712
Calculate the remainder when 3081381 is divided by 63.
51
What is the remainder when 52337 is divided by 25920?
497
Calculate the remainder when 296194 is divided by 18464.
770
What is the remainder when 124428 is divided by 230?
228
Calculate the remainder when 73465 is divided by 9168.
121
What is the remainder when 35425 is divided by 314?
257
What is the remainder when 152750 is divided by 152728?
22
What is the remainder when 47061 is divided by 3982?
3259
Calculate the remainder when 1001793 is divided by 184.
97
What is the remainder when 166226 is divided by 882?
410
Calculate the remainder when 1616475 is divided by 808227.
21
Calculate the remainder when 451838 is divided by 12059.
5655
What is the remainder when 1311568 is divided by 436920?
808
What is the remainder when 32003 is divided by 2992?
2083
What is the remainder when 12547505 is divided by 78915?
20
Calculate the remainder when 3913694 is divided by 3913690.
4
What is the remainder when 2047967 is divided by 682652?
11
Calculate the remainder when 2137221 is divided by 1123.
152
What is the remainder when 5846998 is divided by 17?
1
What is the remainder when 721224 is divided by 24774?
2778
What is the remainder when 505156 is divided by 63081?
508
What is the remainder when 41363991 is divided by 21?
18
What is the remainder when 211348 is divided by 105664?
20
What is the remainder when 1645802 is divided by 62?
12
Calculate the remainder when 166945242 is divided by 13.
9
Calculate the remainder when 69454 is divided by 989.
224
Calculate the remainder when 204599 is divided by 547.
21
Calculate the remainder when 2286365955 is divided by 28.
27
What is the remainder when 106608693 is divided by 6536?
6533
What is the remainder when 333981 is divided by 1410?
1221
What is the remainder when 2831539 is divided by 52?
35
Calculate the remainder when 84797836 is divided by 1030.
1026
Calculate the remainder when 110179 is divided by 391.
308
What is the remainder when 557546 is divided by 135?
131
Calculate the remainder when 2527886 is divided by 33.
20
Calculate the remainder when 22125904 is divided by 602.
598
Calculate the remainder when 1009612 is divided by 28846.
2
What is the remainder when 1832512 is divided by 14?
10
What is the remainder when 4652163 is divided by 664592?
19
What is the remainder when 910559758 is divided by 30?
28
Calculate the remainder when 411353 is divided by 133.
117
What is the remainder when 1048608 is divided by 17?
14
Calculate the remainder when 6212238 is divided by 21.
18
What is the remainder when 827775760 is divided by 124?
120
What is the remainder when 36023393 is divided by 1113?
35
What is the remainder when 1662491 is divided by 5147?
10
Calculate the remainder when 283163 is divided by 28292.
243
Calculate the remainder when 137673359 is divided by 128.
15
What is the remainder when 501791 is divided by 62718?
47
What is the remainder when 70280130 is divided by 2627?
2626
What is the remainder when 2703887 is divided by 198?
197
Calculate the remainder when 391511 is divided by 23024.
103
Calculate the remainder when 12685 is divided by 4190.
115
Calculate the remainder when 943299 is divided by 6247.
2
Calculate the remainder when 15674693 is divided by 4043.
4025
What is the remainder when 120461 is divided by 120253?
208
What is the remainder when 425817 is divided by 141729?
630
What is the remainder when 14557180 is divided by 2836?
2828
Calculate the remainder when 1367010 is divided by 151801.
801
What is the remainder when 1701151 is divided by 311?
292
What is the remainder when 677719 is divided by 688?
39
What is the remainder when 4529958 is divided by 86?
80
Calculate the remainder when 230403 is divided by 1231.
206
Calculate the remainder when 541920 is divided by 243.
30
What is the remainder when 1366256 is divided by 170781?
8
What is the remainder when 8119773 is divided by 3936?
3741
What is the remainder when 220058 is divided by 6287?
13
What is the remainder when 6366375 is divided by 159?
15
Calculate the remainder when 1952047 is divided by 650681.
4
What is the remainder when 586509 is divided by 3884?
25
What is the remainder when 45280 is divided by 44662?
618
What is the remainder when 9338607 is divided by 883?
882
What is the remainder when 119336749 is divided by 125?
124
Calculate the remainder when 1876124 is divided by 267961.
397
What is the remainder when 353418 is divided by 150?
18
Calculate the remainder when 174830 is divided by 2158.
32
Calculate the remainder when 5688495 is divided by 1896117.
144
What is the remainder when 973374 is divided by 243295?
194
Calculate the remainder when 3698126 is divided by 924478.
214
What is the remainder when 273649 is divided by 90703?
1540
Calculate the remainder when 534870 is divided by 67.
9
What is the remainder when 30531925 is divided by 858?
853
Calculate the remainder when 3074 is divided by 2478.
596
What is the remainder when 6119511 is divided by 6119493?
18
Calculate the remainder when 49493 is divided by 283.
251
Calculate the remainder when 24720884 is divided by 6594.
6572
Calculate the remainder when 138974 is divided by 232.
6
What is the remainder when 3090726 is divided by 1041?
1038
What is the remainder when 45100941 is divided by 6202?
6199
Calculate the remainder when 134155 is divided by 1738.
329
What is the remainder when 362953 is divided by 1117?
1045
What is the remainder when 95784281 is divided by 1886?
1885
What is the remainder when 6063509 is divided by 6063497?
12
What is the remainder when 6422247 is divided by 64222?
47
Calculate the remainder when 2443972 is divided by 5.
2
What is the remainder when 1776569 is divided by 282?
251
Calculate the remainder when 1071355 is divided by 1071341.
14
What is the remainder when 852587 is divided by 1241?
20
Calculate the remainder when 429917410 is divided by 214958697.
16
What is the remainder when 298229 is divided by 6935?
24
What is the remainder when 147618823 is divided by 18?
13
Calculate the remainder when 1054619 is divided by 1134.
1133
Calculate the remainder when 2393219 is divided by 25.
19
What is the remainder when 159823789 is divided by 43?
13
What is the remainder when 5511717 is divided by 404?
349
Calculate the remainder when 3781685 is divided by 1260560.
5
Calculate the remainder when 836569 is divided by 167142.
859
What is the remainder when 99787 is divided by 73?
69
What is the remainder when 14390036 is divided by 59?
54
What is the remainder when 61246951 is divided by 52?
51
Calculate the remainder when 29249214 is divided by 1523.
1522
What is the remainder when 27165864 is divided by 2027?
10
Calculate the remainder when 287601 is divided by 286919.
682
Calculate the remainder when 2600 is divided by 432.
8
What is the remainder when 140795245 is divided by 12799567?
8
What is the remainder when 14513401 is divided by 9209?
17
What is the remainder when 45158470 is divided by 162?
160
Calculate the remainder when 87723 is divided by 6680.
883
What is the remainder when 56152954 is divided by 20397?
13
Calculate the remainder when 828355625 is divided by 2898.
2897
What is the remainder when 576335 is divided by 288146?
43
Calculate the remainder when 3496336 is divided by 121.
41
What is the remainder when 133493 is divided by 33356?
69
Calculate the remainder when 29073017 is divided by 7268245.
37
What is the remainder when 466164 is divided by 4089?
18
Calculate the remainder when 57082221 is divided by 41.
12
What i